ue
Is 8667757739 prime?
True
Is 9415543493 prime?
False
Is 3948486631 a prime number?
True
Is 138373915 prime?
False
Is 27987968339 a composite number?
False
Is 1363685143 prime?
False
Is 42693863831 composite?
False
Is 47452093909 a prime number?
False
Is 57471387917 a prime number?
False
Is 6703071989 prime?
True
Is 402557119 composite?
False
Is 4120242989 a prime number?
True
Is 26063460901 a composite number?
False
Is 6502980973 a prime number?
True
Is 57025193903 prime?
True
Is 292335971 a prime number?
True
Is 4272565301 prime?
True
Is 3812887417 composite?
False
Is 183194243 prime?
True
Is 1587421457 a prime number?
False
Is 9516193087 a composite number?
False
Is 2673663133 a prime number?
False
Is 2058490163 prime?
True
Is 9399001837 a prime number?
False
Is 3149710867 prime?
False
Is 1345351327 composite?
True
Is 37237318243 prime?
True
Is 31182717721 composite?
True
Is 16007316301 composite?
False
Is 1048520513 a prime number?
True
Is 315112403 a composite number?
True
Is 2602401199 a prime number?
False
Is 4850749663 prime?
False
Is 34412926931 a composite number?
False
Is 62300510183 a prime number?
False
Is 22784691557 a composite number?
True
Is 76510875301 a prime number?
False
Is 2656540949 composite?
False
Is 448183187 a prime number?
False
Is 2296577159 a prime number?
True
Is 4562840281 prime?
True
Is 3100531067 prime?
True
Is 2655336737 prime?
True
Is 254492239 a composite number?
False
Is 276718613 a composite number?
False
Is 22413063919 a prime number?
False
Is 981150463 prime?
False
Is 26363789 a composite number?
True
Is 69370837 a prime number?
True
Is 37825992893 prime?
False
Is 648389857 a prime number?
True
Is 14544799315 a composite number?
True
Is 32221009019 prime?
False
Is 11926023149 prime?
True
Is 25182329047 prime?
True
Is 29524331753 a prime number?
False
Is 55291447 a composite number?
False
Is 12660302183 prime?
False
Is 491514343 a composite number?
False
Is 7738651543 prime?
False
Is 13491263959 a composite number?
True
Is 13020071 a prime number?
True
Is 234232487 a composite number?
False
Is 246762613 prime?
False
Is 10114607773 a composite number?
False
Is 6113686819 a prime number?
False
Is 43554104819 composite?
False
Is 55444589159 prime?
True
Is 8427263389 composite?
False
Is 8627063251 a composite number?
False
Is 618905467 composite?
True
Is 789917983 prime?
True
Is 442122649 composite?
True
Is 142724099153 a composite number?
False
Is 403772869 composite?
False
Is 8232581317 a prime number?
True
Is 4783325089 prime?
False
Is 16476414491 a prime number?
True
Is 2015543539 prime?
True
Is 1523193913 prime?
True
Is 2626543 composite?
False
Is 4925079619 prime?
True
Is 57928326257 composite?
False
Is 3739512961 composite?
True
Is 1926127237 a composite number?
True
Is 2077179539 a composite number?
False
Is 8033517463 composite?
False
Is 308455029391 prime?
True
Is 612754531 prime?
True
Is 8658180989 a prime number?
True
Is 103831909 a prime number?
True
Is 3668010419 a composite number?
False
Is 4888936691 composite?
True
Is 1202829799 prime?
True
Is 945999553 a prime number?
False
Is 4035255839 composite?
False
Is 36373008781 prime?
True
Is 1361367061 a composite number?
False
Is 1992350897 a prime number?
False
Is 3732458605 composite?
True
Is 69306604229 a composite number?
False
Is 188678089 composite?
True
Is 2522521411 a prime number?
True
Is 2262980131 prime?
True
Is 1116037633 composite?
False
Is 19799274749 prime?
False
Is 20579649997 composite?
True
Is 10038837 a composite number?
True
Is 3494395673 composite?
True
Is 569725357 a composite number?
False
Is 3310439739 prime?
False
Is 74787444047 composite?
False
Is 1965051619 a composite number?
True
Is 1654741721 prime?
False
Is 15545498627 prime?
False
Is 4447643959 a composite number?
True
Is 10996018583 a composite number?
True
Is 607148363 composite?
True
Is 1881994769 a composite number?
False
Is 20255082553 composite?
True
Is 11013432277 composite?
True
Is 676186219 composite?
True
Is 6015753407 composite?
False
Is 9958871077 composite?
True
Is 146467309 a composite number?
False
Is 2893079911 prime?
True
Is 436240393 prime?
True
Is 14158512715 a prime number?
False
Is 13508200861 composite?
False
Is 26337489559 prime?
False
Is 113646214235 a composite number?
True
Is 6350022197 prime?
False
Is 1326003761 composite?
False
Is 4347875903 a prime number?
False
Is 1639616079 composite?
True
Is 58375619891 prime?
True
Is 188273219699 a prime number?
True
Is 1283523539 prime?
False
Is 1396972033 a composite number?
True
Is 3775821629 composite?
False
Is 21919753 composite?
False
Is 46037216513 a composite number?
False
Is 1762053727 composite?
True
Is 609534721 a composite number?
False
Is 946739953 a composite number?
False
Is 5870739977 composite?
False
Is 586560581 a prime number?
False
Is 4026638507 a composite number?
True
Is 20632244777 prime?
True
Is 10100203721 a prime number?
False
Is 9110085319 prime?
False
Is 11832187027 a composite number?
False
Is 6040700209 a composite number?
False
Is 26733660449 composite?
True
Is 2952750761 a composite number?
False
Is 1749347687 prime?
True
Is 43725213463 prime?
True
Is 748670669 composite?
False
Is 1083291197 a composite number?
False
Is 4699099103 prime?
False
Is 465678919 a prime number?
True
Is 5149127743 a composite number?
False
Is 2853708133 a composite number?
False
Is 2239614547 a prime number?
True
Is 2674169863 a composite number?
False
Is 76625877121 a composite number?
False
Is 712527757355 a composite number?
True
Is 23489457839 a composite number?
False
Is 5050752797 prime?
True
Is 797164651 a composite number?
False
Is 59583322561 prime?
False
Is 48173889851 prime?
False
Is 2823033139 a composite number?
True
Is 31098338927 prime?
True
Is 3092705117 prime?
False
Is 274737149 a composite number?
False
Is 8479789001 prime?
False
Is 2510743837 a prime number?
False
Is 1141373393 a prime number?
True
Is 30185078257 prime?
True
Is 5713747621 composite?
True
Is 28385475803 a composite number?
True
Is 453567083 a composite number?
False
Is 24985865 a prime number?
False
Is 13808333821 composite?
False
Is 52681766231 a composite number?
True
Is 208205176853 a prime number?
False
Is 1120141667 a composite number?
False
Is 575841641 a prime number?
False
Is 13720862657 a prime number?
True
Is 1121984687 a prime number?
False
Is 4268304839 a composite number?
False
Is 25922710699 a prime number?
False
Is 37061492597 prime?
True
Is 5928118909 composite?
True
Is 2631678229 composite?
False
Is 181689881 prime?
True
Is 161354249159 prime?
False
Is 19436392427 a prime number?
True
Is 810864619 composite?
True
Is 25633581451 a composite number?
False
Is 12662657591 a prime number?
False
Is 1849848059 a composite number?
False
Is 2825121157 a composite number?
True
Is 4412571259 a prime number?
False
Is 3422724817 prime?
True
Is 20311431631 a prime number?
False
Is 40400677 a prime number?
False
Is 1022740879 prime?
True
Is 1863801469 prime?
True
Is 743405935 composite?
True
Is 595443373 a prime number?
False
Is 5513213419 composite?
True
Is 4937911471 composite?
True
Is 2869024001 a prime number?
False
Is 81519011311 prime?
True
Is 10795318241 a prime number?
True
Is 711964711 a prime number?
True
Is 41142041 a composite number?
False
Is 25085766817 a composite number?
False
Is 21552685171 composite?
True
Is 1060370347 a prime number?
True
Is 132357400369 composite?
True
Is 4904132071 a composite number?
False
Is 36555877 prime?
True
Is 4373078299 prime?
False
Is 32573405393 prime?
False
Is 2379668329 a composite number?
True
Is 344890411801 prime?
False
Is 7557354271 a prime number?
False
Is 143059997669 a prime number?
True
Is 1260505243 a prime number?
False
Is 3284714807 prime?
False
Is 7652657869 composite?
True
Is 159775592367 a prime number?
False
Is 804116881 composite?
True
Is 25543409 a prime number?
False
Is 146091151 a composite number?
True
Is 27500951003 a prime number?
True
Is 33304043347 prime?
False
Is 800728961 prime?
False
Is 2272070023 a prime number?
True
Is 164143163 prime?
True
Is 1656230747 a composite number?
False
Is 4937131853 a composite number?
False
Is 12175631477 prime?
False
Is 41526411387 a composite number?
True
Is 284815589 a composite number?
Fal